{"id":51,"date":"2016-12-30T17:16:46","date_gmt":"2016-12-30T16:16:46","guid":{"rendered":"http:\/\/asso-asd.org\/?page_id=51"},"modified":"2017-12-02T23:26:38","modified_gmt":"2017-12-02T22:26:38","slug":"au-cambodge","status":"publish","type":"page","link":"http:\/\/asso-asd.org\/index.php\/au-cambodge\/","title":{"rendered":"Au Cambodge"},"content":{"rendered":"<style type=\"text\/css\">\n#foogallery-gallery-189 .fg-image { width: 800px; }<\/style>\n\t\t\t<div class=\"foogallery foogallery-container foogallery-image-viewer foogallery-link-image foogallery-lightbox-foogallery fg-center fg-image-viewer fg-ready fg-light fg-border-thin fg-shadow-outline fg-loading-default fg-loaded-fade-in fg-caption-always fg-hover-fade fg-hover-zoom\" id=\"foogallery-gallery-189\" data-foogallery=\"{&quot;item&quot;:{&quot;showCaptionTitle&quot;:false,&quot;showCaptionDescription&quot;:false},&quot;lazy&quot;:true,&quot;template&quot;:{&quot;loop&quot;:true}}\" style=\"--fg-title-line-clamp: 0; --fg-description-line-clamp: 0;\" >\n\t<div class=\"fiv-inner\">\n\t\t<div class=\"fiv-inner-container\">\n\t\t\t<div class=\"fg-item fg-type-image fg-idle\"><figure class=\"fg-item-inner\"><a href=\"http:\/\/asso-asd.org\/wp-content\/uploads\/2017\/01\/9-AA-2015.jpg\" data-attachment-id=\"192\" data-type=\"image\" class=\"fg-thumb\"><span class=\"fg-image-wrap\"><img fetchpriority=\"high\" decoding=\"async\" width=\"800\" height=\"360\" class=\"skip-lazy fg-image\" data-src-fg=\"http:\/\/asso-asd.org\/wp-content\/uploads\/cache\/2017\/01\/9-AA-2015\/1234287347.jpg\" src=\"data:image\/svg+xml,%3Csvg%20xmlns%3D%22http%3A%2F%2Fwww.w3.org%2F2000%2Fsvg%22%20width%3D%22800%22%20height%3D%22360%22%20viewBox%3D%220%200%20800%20360%22%3E%3C%2Fsvg%3E\" loading=\"eager\"><\/span><span class=\"fg-image-overlay\"><\/span><\/a><\/figure><div class=\"fg-loader\"><\/div><\/div><div class=\"fg-item fg-type-image fg-idle\"><figure class=\"fg-item-inner\"><a href=\"http:\/\/asso-asd.org\/wp-content\/uploads\/2017\/01\/8-AA-2014-1.jpg\" data-attachment-id=\"193\" data-type=\"image\" class=\"fg-thumb\"><span class=\"fg-image-wrap\"><img decoding=\"async\" width=\"800\" height=\"360\" class=\"skip-lazy fg-image\" data-src-fg=\"http:\/\/asso-asd.org\/wp-content\/uploads\/cache\/2017\/01\/8-AA-2014-1\/-743217816.jpg\" src=\"data:image\/svg+xml,%3Csvg%20xmlns%3D%22http%3A%2F%2Fwww.w3.org%2F2000%2Fsvg%22%20width%3D%22800%22%20height%3D%22360%22%20viewBox%3D%220%200%20800%20360%22%3E%3C%2Fsvg%3E\" loading=\"eager\"><\/span><span class=\"fg-image-overlay\"><\/span><\/a><\/figure><div class=\"fg-loader\"><\/div><\/div><div class=\"fg-item fg-type-image fg-idle\"><figure class=\"fg-item-inner\"><a href=\"http:\/\/asso-asd.org\/wp-content\/uploads\/2017\/01\/7-AA-2015.jpg\" data-attachment-id=\"194\" data-type=\"image\" class=\"fg-thumb\"><span class=\"fg-image-wrap\"><img decoding=\"async\" width=\"800\" height=\"360\" class=\"skip-lazy fg-image\" data-src-fg=\"http:\/\/asso-asd.org\/wp-content\/uploads\/cache\/2017\/01\/7-AA-2015\/-609131672.jpg\" src=\"data:image\/svg+xml,%3Csvg%20xmlns%3D%22http%3A%2F%2Fwww.w3.org%2F2000%2Fsvg%22%20width%3D%22800%22%20height%3D%22360%22%20viewBox%3D%220%200%20800%20360%22%3E%3C%2Fsvg%3E\" loading=\"eager\"><\/span><span class=\"fg-image-overlay\"><\/span><\/a><\/figure><div class=\"fg-loader\"><\/div><\/div><div class=\"fg-item fg-type-image fg-idle\"><figure class=\"fg-item-inner\"><a href=\"http:\/\/asso-asd.org\/wp-content\/uploads\/2017\/01\/1-AA-2014.jpg\" data-attachment-id=\"212\" data-type=\"image\" class=\"fg-thumb\"><span class=\"fg-image-wrap\"><img decoding=\"async\" width=\"800\" height=\"360\" class=\"skip-lazy fg-image\" data-src-fg=\"http:\/\/asso-asd.org\/wp-content\/uploads\/cache\/2017\/01\/1-AA-2014\/-1157218398.jpg\" src=\"data:image\/svg+xml,%3Csvg%20xmlns%3D%22http%3A%2F%2Fwww.w3.org%2F2000%2Fsvg%22%20width%3D%22800%22%20height%3D%22360%22%20viewBox%3D%220%200%20800%20360%22%3E%3C%2Fsvg%3E\" loading=\"eager\"><\/span><span class=\"fg-image-overlay\"><\/span><\/a><\/figure><div class=\"fg-loader\"><\/div><\/div><div class=\"fg-item fg-type-image fg-idle\"><figure class=\"fg-item-inner\"><a href=\"http:\/\/asso-asd.org\/wp-content\/uploads\/2017\/01\/IMG_8824.jpg\" data-attachment-id=\"213\" data-type=\"image\" class=\"fg-thumb\"><span class=\"fg-image-wrap\"><img decoding=\"async\" width=\"800\" height=\"360\" class=\"skip-lazy fg-image\" data-src-fg=\"http:\/\/asso-asd.org\/wp-content\/uploads\/cache\/2017\/01\/IMG_8824\/117188741.jpg\" src=\"data:image\/svg+xml,%3Csvg%20xmlns%3D%22http%3A%2F%2Fwww.w3.org%2F2000%2Fsvg%22%20width%3D%22800%22%20height%3D%22360%22%20viewBox%3D%220%200%20800%20360%22%3E%3C%2Fsvg%3E\" loading=\"eager\"><\/span><span class=\"fg-image-overlay\"><\/span><\/a><\/figure><div class=\"fg-loader\"><\/div><\/div><div class=\"fg-item fg-type-image fg-idle\"><figure class=\"fg-item-inner\"><a href=\"http:\/\/asso-asd.org\/wp-content\/uploads\/2017\/01\/IMG_8830.jpg\" data-attachment-id=\"214\" data-type=\"image\" class=\"fg-thumb\"><span class=\"fg-image-wrap\"><img decoding=\"async\" width=\"800\" height=\"360\" class=\"skip-lazy fg-image\" data-src-fg=\"http:\/\/asso-asd.org\/wp-content\/uploads\/cache\/2017\/01\/IMG_8830\/1646285422.jpg\" src=\"data:image\/svg+xml,%3Csvg%20xmlns%3D%22http%3A%2F%2Fwww.w3.org%2F2000%2Fsvg%22%20width%3D%22800%22%20height%3D%22360%22%20viewBox%3D%220%200%20800%20360%22%3E%3C%2Fsvg%3E\" loading=\"eager\"><\/span><span class=\"fg-image-overlay\"><\/span><\/a><\/figure><div class=\"fg-loader\"><\/div><\/div><div class=\"fg-item fg-type-image fg-idle\"><figure class=\"fg-item-inner\"><a href=\"http:\/\/asso-asd.org\/wp-content\/uploads\/2017\/01\/IMG_8827.jpg\" data-attachment-id=\"215\" data-type=\"image\" class=\"fg-thumb\"><span class=\"fg-image-wrap\"><img decoding=\"async\" width=\"800\" height=\"360\" class=\"skip-lazy fg-image\" data-src-fg=\"http:\/\/asso-asd.org\/wp-content\/uploads\/cache\/2017\/01\/IMG_8827\/-1755891745.jpg\" src=\"data:image\/svg+xml,%3Csvg%20xmlns%3D%22http%3A%2F%2Fwww.w3.org%2F2000%2Fsvg%22%20width%3D%22800%22%20height%3D%22360%22%20viewBox%3D%220%200%20800%20360%22%3E%3C%2Fsvg%3E\" loading=\"eager\"><\/span><span class=\"fg-image-overlay\"><\/span><\/a><\/figure><div class=\"fg-loader\"><\/div><\/div><div class=\"fg-item fg-type-image fg-idle\"><figure class=\"fg-item-inner\"><a href=\"http:\/\/asso-asd.org\/wp-content\/uploads\/2017\/01\/9-AA-2015-1.jpg\" data-attachment-id=\"216\" data-type=\"image\" class=\"fg-thumb\"><span class=\"fg-image-wrap\"><img decoding=\"async\" width=\"800\" height=\"360\" class=\"skip-lazy fg-image\" data-src-fg=\"http:\/\/asso-asd.org\/wp-content\/uploads\/cache\/2017\/01\/9-AA-2015-1\/1528754468.jpg\" src=\"data:image\/svg+xml,%3Csvg%20xmlns%3D%22http%3A%2F%2Fwww.w3.org%2F2000%2Fsvg%22%20width%3D%22800%22%20height%3D%22360%22%20viewBox%3D%220%200%20800%20360%22%3E%3C%2Fsvg%3E\" loading=\"eager\"><\/span><span class=\"fg-image-overlay\"><\/span><\/a><\/figure><div class=\"fg-loader\"><\/div><\/div><div class=\"fg-item fg-type-image fg-idle\"><figure class=\"fg-item-inner\"><a href=\"http:\/\/asso-asd.org\/wp-content\/uploads\/2017\/01\/17Hptfev-2106.jpg\" data-attachment-id=\"221\" data-type=\"image\" class=\"fg-thumb\"><span class=\"fg-image-wrap\"><img decoding=\"async\" width=\"800\" height=\"360\" class=\"skip-lazy fg-image\" data-src-fg=\"http:\/\/asso-asd.org\/wp-content\/uploads\/cache\/2017\/01\/17Hptfev-2106\/-163795684.jpg\" src=\"data:image\/svg+xml,%3Csvg%20xmlns%3D%22http%3A%2F%2Fwww.w3.org%2F2000%2Fsvg%22%20width%3D%22800%22%20height%3D%22360%22%20viewBox%3D%220%200%20800%20360%22%3E%3C%2Fsvg%3E\" loading=\"eager\"><\/span><span class=\"fg-image-overlay\"><\/span><\/a><\/figure><div class=\"fg-loader\"><\/div><\/div><div class=\"fg-item fg-type-image fg-idle\"><figure class=\"fg-item-inner\"><a href=\"http:\/\/asso-asd.org\/wp-content\/uploads\/2017\/01\/20Hptfev2016-2.jpg\" data-attachment-id=\"223\" data-type=\"image\" class=\"fg-thumb\"><span class=\"fg-image-wrap\"><img decoding=\"async\" width=\"800\" height=\"360\" class=\"skip-lazy fg-image\" data-src-fg=\"http:\/\/asso-asd.org\/wp-content\/uploads\/cache\/2017\/01\/20Hptfev2016-2\/976264669.jpg\" src=\"data:image\/svg+xml,%3Csvg%20xmlns%3D%22http%3A%2F%2Fwww.w3.org%2F2000%2Fsvg%22%20width%3D%22800%22%20height%3D%22360%22%20viewBox%3D%220%200%20800%20360%22%3E%3C%2Fsvg%3E\" loading=\"eager\"><\/span><span class=\"fg-image-overlay\"><\/span><\/a><\/figure><div class=\"fg-loader\"><\/div><\/div>\t\t<\/div>\n\t\t<div class=\"fiv-ctrls\">\n\t\t\t<button type=\"button\" class=\"fiv-prev\" title=\"Prev\"><span>Prev<\/span><\/button>\n\t\t\t<label class=\"fiv-count\"><span class=\"fiv-count-current\">1<\/span>of<span class=\"fiv-count-total\">10<\/span><\/label>\n\t\t\t<button type=\"button\" class=\"fiv-next\" title=\"Next\"><span>Next<\/span><\/button>\n\t\t<\/div>\n\t<\/div>\n<\/div>\n<p class=\"p1\"><span class=\"s1\"><b>ATELIERS \u00a0D&rsquo;AUTOHYPNOSE<\/b><\/span><\/p>\n<p class=\"p3\"><span class=\"s1\"><b>Actions aupr\u00e8s des artisans d\u2019Angkor<\/b><\/span><\/p>\n<p class=\"p3\"><span class=\"s1\">Depuis 2013, ASD intervient aupr\u00e8s des Artisans Angkor, entreprise \u00e0 caract\u00e8re social dont les ateliers sont install\u00e9s dans la r\u00e9gion de Siem Reap.<\/span><\/p>\n<p class=\"p3\"><span class=\"s1\">L\u2019entreprise forme des jeunes issus de milieux d\u00e9favoris\u00e9s et leur offre un m\u00e9tier dans l\u2019artisanat khmer. Elle a pour vocation de transmettre et perp\u00e9tuer les savoir-faire khmer dans ce domaine.<\/span><\/p>\n<p class=\"p3\"><span class=\"s1\">Les artisans d\u2019Angkor sont environ 1300 dont 900 artisans qui travaillent dans les m\u00e9tiers de la soie (\u00e9levage des vers \u00e0 soie, tissage, peinture sur soie\u2026), de la sculpture pierre et bois, de la laque et polychromie, de la dinanderie\u2026<\/span><\/p>\n<p class=\"p3\"><span class=\"s1\">Les artisans souffrent de douleurs et sont tr\u00e8s stress\u00e9s car ils sont pour partie pay\u00e9s \u00e0 la pi\u00e8ce. Le manque de moyens pour vivre et la peur de tomber malade ne les quittent jamais. Ils ont pour la plupart des probl\u00e8mes gastriques, des c\u00e9phal\u00e9es et autres troubles psychosomatiques.<\/span><\/p>\n<p class=\"p3\"><span class=\"s1\">Le stress est assez g\u00e9n\u00e9ral au Cambodge et m\u00eame si les Artisans d\u2019Angkor sont relativement privil\u00e9gi\u00e9s et b\u00e9n\u00e9ficient de soins m\u00e9dicaux et param\u00e9dicaux, d\u2019une assurance en cas de d\u00e9c\u00e8s, la crainte d\u2019un accident est omnipr\u00e9sente.<\/span><\/p>\n<p class=\"p3\"><span class=\"s1\">ASD a mis en place des ateliers d\u2019autohypnose pour g\u00e9rer le stress et les troubles psychosomatiques, lors deux missions annuelle d\u2019une semaine. Les ateliers se font par groupes de cinq ou six participants dans les locaux des Artisans.<\/span><\/p>\n<p class=\"p3\"><span class=\"s1\">Lors de la premi\u00e8re mission, il n\u2019y avait que 12 participants, et depuis, il y en a eu plus de 60 par mission.<span class=\"Apple-converted-space\">\u00a0 <\/span>Deux hypno praticiennes ont particip\u00e9 \u00e0 la 6<\/span><span class=\"s2\"><sup>\u00e8me<\/sup><\/span><span class=\"s1\"> mission<span class=\"Apple-converted-space\">\u00a0 <\/span>et<span class=\"Apple-converted-space\">\u00a0 <\/span>la mission f\u00e9vrier 2016 a concern\u00e9 8 ateliers et b\u00e9n\u00e9fici\u00e9 \u00e0 87 artisans.<\/span><\/p>\n<p class=\"p3\"><b>Action aupr\u00e8s de l\u2019\u00e9cole Sala Bai de Siem Reap<\/b><\/p>\n<p class=\"p1\"><span class=\"s1\">L\u2019\u00e9cole Sala Bai propose des formations gratuites d\u2019un an aux m\u00e9tiers de l\u2019H\u00f4tellerie\/Restauration \u00e0 une s\u00e9lection de 100 jeunes de 17 \u00e0 23 ans, issus de milieux d\u00e9favoris\u00e9s.<\/span><\/p>\n<p class=\"p1\"><span class=\"s1\">Le recrutement des \u00e9l\u00e8ves \u00e0 lieu sur dossier et 5 formations sont propos\u00e9es\u00a0: restaurant, cuisine, r\u00e9ception, service d\u2019\u00e9tage et soins et beaut\u00e9.<\/span><\/p>\n<p class=\"p1\"><span class=\"s1\">A l\u2019issue de la formation, tous les \u00e9l\u00e8ves trouvent une place dans des h\u00f4tels et des restaurants de qualit\u00e9.<\/span><\/p>\n<p class=\"p1\"><span class=\"s1\">Depuis mars 2015, ASD intervient directement aupr\u00e8s des \u00e9l\u00e8ves et des personnels p\u00e9dagogiques qui le souhaitent. La seconde intervention en novembre 2015 a concern\u00e9 24 \u00e9l\u00e8ves et un travailleur social qui ont b\u00e9n\u00e9fici\u00e9 de s\u00e9ances d\u2019autohypnose. En mars, qui est une p\u00e9riode d\u2019examens, 8 \u00e9tudiants ont particip\u00e9 ainsi que 5 enseignants et travailleurs sociaux.<\/span><\/p>\n<p class=\"p1\"><span class=\"s1\"><b>H\u00d4PITAL DE SIEM REAP<\/b><\/span><\/p>\n<p class=\"p1\"><span class=\"s1\"><b>Premi\u00e8res actions \u00e0 l\u2019H\u00f4pital R\u00e9f\u00e9rent de Siem Reap<\/b><\/span><\/p>\n<p class=\"p1\"><span class=\"s1\">A la demande de son directeur, ASD interviendra deux fois par an \u00e0 l\u2019h\u00f4pital de Siem Reap.<span class=\"Apple-converted-space\">\u00a0 <\/span>La premi\u00e8re mission m\u00e9dicale s\u2019est d\u00e9roul\u00e9e pendant une semaine en f\u00e9vrier 2016.<\/span><\/p>\n<p class=\"p1\"><span class=\"s1\">L\u2019h\u00f4pital de Siem Reap dispose de 300 lits comprenant diverses sp\u00e9cialit\u00e9s\u00a0: urgences, maternit\u00e9, ophtalmologie, m\u00e9decine interne, orthop\u00e9die, anesth\u00e9sie, traumatologie, urologie, neurologie, ORL, r\u00e9animation, psychiatrie, gyn\u00e9cologie-obst\u00e9trique, chirurgie visc\u00e9rale, r\u00e9animation et blocs op\u00e9ratoires.<\/span><\/p>\n<p class=\"p1\"><span class=\"s1\">Souvent, dans le service orthop\u00e9die, les patients dorment sur le sol dans le couloir, par manque de place. Il y a \u00e9norm\u00e9ment de jeunes adultes accident\u00e9s, dans une grande d\u00e9tresse psychologique et physique.<\/span><\/p>\n<p class=\"p1\"><span class=\"s1\">Dans le d\u00e9partement d\u2019anesth\u00e9sie, il n&rsquo;y a qu&rsquo;un m\u00e9decin anesth\u00e9siste, deux infirmiers anesth\u00e9sistes et trois infirmiers, pour cinq blocs op\u00e9ratoires.<\/span><\/p>\n<p class=\"p1\"><span class=\"s1\">Les op\u00e9rations lourdes et les pathologies sont prises en charge \u00e0 Phnom Penh ou \u00e0 l&rsquo;\u00e9tranger, si les patients en ont les moyens.<\/span><\/p>\n<p class=\"p4\"><span class=\"s1\"> ASD a pour objectif de sensibiliser les soignants, les patients et leurs familles \u00e0 la prise en charge de la douleur \u00e0 l&rsquo;h\u00f4pital par des traitements m\u00e9dicamenteux et des m\u00e9decines compl\u00e9mentaires (hypnose, m\u00e9ditation, yoga, Qi gong, phytoth\u00e9rapie&#8230;). En effet, le corps humain et le psychisme gu\u00e9rissent plus vite et mieux sans douleurs.<\/span><\/p>\n<p class=\"p1\"><span class=\"s1\">Au Cambodge, la douleur n&rsquo;est pas une priorit\u00e9 dans les soins. L\u2019h\u00f4pital accepte de soigner les personnes sans ressources mais manque de moyens et dispose de tr\u00e8s peu d&rsquo;antalgiques (parac\u00e9tamol, anti-inflammatoires, morphine\u2026).<\/span><\/p>\n<p class=\"p1\"><span class=\"s1\">L&rsquo;\u00e9quipe m\u00e9dicale b\u00e9n\u00e9vole fran\u00e7aise met en place un syst\u00e8me de compagnonnage du personnel m\u00e9dical et param\u00e9dical local, qui se concr\u00e9tise par des formations th\u00e9oriques et pratiques \u00e0 la prise en charge de la douleur. L\u2019\u00e9quipe m\u00e9dicale fran\u00e7aise comprend un m\u00e9decin, une psychiatre, une infirmi\u00e8re anesth\u00e9siste, une infirmi\u00e8re coordinatrice et intervient deux semaines par an.<\/span><\/p>\n<p class=\"p1\"><span class=\"s1\">Lors de la mission Vuch Ky, infirmi\u00e8re et hypnopraticienne ;\u00a0 Thu Mai , m\u00e9decin anesth\u00e9siste r\u00e9animateur et hypnoth\u00e9rapeute; Isabelle , infirmi\u00e8re anesth\u00e9siste et Catherine , psychiatre, ont \u00e9t\u00e9 accueillies par le directeur de l\u2019h\u00f4pital et anesth\u00e9siste. L\u2019\u00e9quipe a rencontr\u00e9 et collabor\u00e9 avec divers m\u00e9decins sp\u00e9cialistes\u00a0: un chirurgien, un anesth\u00e9siste, un psychiatre, un m\u00e9decin g\u00e9n\u00e9raliste\/psychiatre, un cardiologue\/psychiatre qui prend des patients en phase aig\u00fce et le chef de service des soins intensifs. Elle a accompagn\u00e9 particuli\u00e8rement, le seul<span class=\"Apple-converted-space\">\u00a0 <\/span>anesth\u00e9siste<span class=\"Apple-converted-space\">\u00a0 <\/span>au bloc op\u00e9ratoire.<\/span><\/p>\n<p class=\"p1\"><span class=\"s1\">L\u2019\u00e9quipe a men\u00e9 un audit sur la base d\u2019un questionnaire, fructifi\u00e9 les \u00e9changes avec l\u2019\u00e9quipe m\u00e9dicale\/ param\u00e9dicale et \u00e9t\u00e9 tr\u00e8s pr\u00e9sente dans divers services dont le bloc op\u00e9ratoire. Elle a assur\u00e9 deux cession<span class=\"Apple-converted-space\">\u00a0 <\/span>formation, une pour les infirmi\u00e8res et l\u2019autre pour les m\u00e9decins, suivi un certain nombre de patients, men\u00e9 des consultations en psychiatrie et mis en place les bases d\u2019une collaboration r\u00e9guli\u00e8re.<\/span><\/p>\n<p class=\"p1\"><span class=\"s1\">L\u2019h\u00f4pital est \u00e9galement int\u00e9ress\u00e9 par l\u2019hypnose et la gestion du stress des personnels m\u00e9dical et param\u00e9dical.<\/span><\/p>\n","protected":false},"excerpt":{"rendered":"<p>ATELIERS \u00a0D&rsquo;AUTOHYPNOSE Actions aupr\u00e8s des artisans d\u2019Angkor Depuis 2013, ASD intervient aupr\u00e8s des Artisans Angkor, entreprise \u00e0 caract\u00e8re social dont les ateliers sont install\u00e9s dans la r\u00e9gion de Siem Reap. L\u2019entreprise forme des jeunes issus de milieux d\u00e9favoris\u00e9s et leur offre un m\u00e9tier dans l\u2019artisanat khmer. Elle a pour vocation de transmettre et perp\u00e9tuer les <a class=\"read-more\" href=\"http:\/\/asso-asd.org\/index.php\/au-cambodge\/\">Read More<\/a><\/p>\n","protected":false},"author":1,"featured_media":0,"parent":0,"menu_order":0,"comment_status":"closed","ping_status":"closed","template":"","meta":{"footnotes":""},"class_list":["post-51","page","type-page","status-publish","hentry"],"yoast_head":"<!-- This site is optimized with the Yoast SEO plugin v24.1 - https:\/\/yoast.com\/wordpress\/plugins\/seo\/ -->\n<title>Au Cambodge | Agir pour Soulager la Douleur | Association ASD<\/title>\n<meta name=\"description\" content=\"ASD, intervient \u00e0 l\u2019h\u00f4pital de Seam Reap. L&#039;objectif est la prise en charge de la douleur part les traitements et les m\u00e9decines compl\u00e9mentaires.\" \/>\n<meta name=\"robots\" content=\"index, follow, max-snippet:-1, max-image-preview:large, max-video-preview:-1\" \/>\n<link rel=\"canonical\" href=\"http:\/\/asso-asd.org\/index.php\/au-cambodge\/\" \/>\n<meta property=\"og:locale\" content=\"fr_FR\" \/>\n<meta property=\"og:type\" content=\"article\" \/>\n<meta property=\"og:title\" content=\"Au Cambodge | Agir pour Soulager la Douleur | Association ASD\" \/>\n<meta property=\"og:description\" content=\"ASD, intervient \u00e0 l\u2019h\u00f4pital de Seam Reap. L&#039;objectif est la prise en charge de la douleur part les traitements et les m\u00e9decines compl\u00e9mentaires.\" \/>\n<meta property=\"og:url\" content=\"http:\/\/asso-asd.org\/index.php\/au-cambodge\/\" \/>\n<meta property=\"og:site_name\" content=\"Agir pour Soulager la Douleur\" \/>\n<meta property=\"article:publisher\" content=\"https:\/\/www.facebook.com\/ASD-Agir-pour-Soulager-la-Douleur-244278649360772\/\" \/>\n<meta property=\"article:modified_time\" content=\"2017-12-02T22:26:38+00:00\" \/>\n<meta name=\"twitter:card\" content=\"summary_large_image\" \/>\n<meta name=\"twitter:label1\" content=\"Dur\u00e9e de lecture estim\u00e9e\" \/>\n\t<meta name=\"twitter:data1\" content=\"5 minutes\" \/>\n<script type=\"application\/ld+json\" class=\"yoast-schema-graph\">{\"@context\":\"https:\/\/schema.org\",\"@graph\":[{\"@type\":\"WebPage\",\"@id\":\"http:\/\/asso-asd.org\/index.php\/au-cambodge\/\",\"url\":\"http:\/\/asso-asd.org\/index.php\/au-cambodge\/\",\"name\":\"Au Cambodge | Agir pour Soulager la Douleur | Association ASD\",\"isPartOf\":{\"@id\":\"http:\/\/asso-asd.org\/#website\"},\"datePublished\":\"2016-12-30T16:16:46+00:00\",\"dateModified\":\"2017-12-02T22:26:38+00:00\",\"description\":\"ASD, intervient \u00e0 l\u2019h\u00f4pital de Seam Reap. L'objectif est la prise en charge de la douleur part les traitements et les m\u00e9decines compl\u00e9mentaires.\",\"breadcrumb\":{\"@id\":\"http:\/\/asso-asd.org\/index.php\/au-cambodge\/#breadcrumb\"},\"inLanguage\":\"fr-FR\",\"potentialAction\":[{\"@type\":\"ReadAction\",\"target\":[\"http:\/\/asso-asd.org\/index.php\/au-cambodge\/\"]}]},{\"@type\":\"BreadcrumbList\",\"@id\":\"http:\/\/asso-asd.org\/index.php\/au-cambodge\/#breadcrumb\",\"itemListElement\":[{\"@type\":\"ListItem\",\"position\":1,\"name\":\"Accueil\",\"item\":\"http:\/\/asso-asd.org\/\"},{\"@type\":\"ListItem\",\"position\":2,\"name\":\"Au Cambodge\"}]},{\"@type\":\"WebSite\",\"@id\":\"http:\/\/asso-asd.org\/#website\",\"url\":\"http:\/\/asso-asd.org\/\",\"name\":\"Agir pour Soulager la Douleur\",\"description\":\"\",\"potentialAction\":[{\"@type\":\"SearchAction\",\"target\":{\"@type\":\"EntryPoint\",\"urlTemplate\":\"http:\/\/asso-asd.org\/?s={search_term_string}\"},\"query-input\":{\"@type\":\"PropertyValueSpecification\",\"valueRequired\":true,\"valueName\":\"search_term_string\"}}],\"inLanguage\":\"fr-FR\"}]}<\/script>\n<!-- \/ Yoast SEO plugin. -->","yoast_head_json":{"title":"Au Cambodge | Agir pour Soulager la Douleur | Association ASD","description":"ASD, intervient \u00e0 l\u2019h\u00f4pital de Seam Reap. L'objectif est la prise en charge de la douleur part les traitements et les m\u00e9decines compl\u00e9mentaires.","robots":{"index":"index","follow":"follow","max-snippet":"max-snippet:-1","max-image-preview":"max-image-preview:large","max-video-preview":"max-video-preview:-1"},"canonical":"http:\/\/asso-asd.org\/index.php\/au-cambodge\/","og_locale":"fr_FR","og_type":"article","og_title":"Au Cambodge | Agir pour Soulager la Douleur | Association ASD","og_description":"ASD, intervient \u00e0 l\u2019h\u00f4pital de Seam Reap. L'objectif est la prise en charge de la douleur part les traitements et les m\u00e9decines compl\u00e9mentaires.","og_url":"http:\/\/asso-asd.org\/index.php\/au-cambodge\/","og_site_name":"Agir pour Soulager la Douleur","article_publisher":"https:\/\/www.facebook.com\/ASD-Agir-pour-Soulager-la-Douleur-244278649360772\/","article_modified_time":"2017-12-02T22:26:38+00:00","twitter_card":"summary_large_image","twitter_misc":{"Dur\u00e9e de lecture estim\u00e9e":"5 minutes"},"schema":{"@context":"https:\/\/schema.org","@graph":[{"@type":"WebPage","@id":"http:\/\/asso-asd.org\/index.php\/au-cambodge\/","url":"http:\/\/asso-asd.org\/index.php\/au-cambodge\/","name":"Au Cambodge | Agir pour Soulager la Douleur | Association ASD","isPartOf":{"@id":"http:\/\/asso-asd.org\/#website"},"datePublished":"2016-12-30T16:16:46+00:00","dateModified":"2017-12-02T22:26:38+00:00","description":"ASD, intervient \u00e0 l\u2019h\u00f4pital de Seam Reap. L'objectif est la prise en charge de la douleur part les traitements et les m\u00e9decines compl\u00e9mentaires.","breadcrumb":{"@id":"http:\/\/asso-asd.org\/index.php\/au-cambodge\/#breadcrumb"},"inLanguage":"fr-FR","potentialAction":[{"@type":"ReadAction","target":["http:\/\/asso-asd.org\/index.php\/au-cambodge\/"]}]},{"@type":"BreadcrumbList","@id":"http:\/\/asso-asd.org\/index.php\/au-cambodge\/#breadcrumb","itemListElement":[{"@type":"ListItem","position":1,"name":"Accueil","item":"http:\/\/asso-asd.org\/"},{"@type":"ListItem","position":2,"name":"Au Cambodge"}]},{"@type":"WebSite","@id":"http:\/\/asso-asd.org\/#website","url":"http:\/\/asso-asd.org\/","name":"Agir pour Soulager la Douleur","description":"","potentialAction":[{"@type":"SearchAction","target":{"@type":"EntryPoint","urlTemplate":"http:\/\/asso-asd.org\/?s={search_term_string}"},"query-input":{"@type":"PropertyValueSpecification","valueRequired":true,"valueName":"search_term_string"}}],"inLanguage":"fr-FR"}]}},"_links":{"self":[{"href":"http:\/\/asso-asd.org\/index.php\/wp-json\/wp\/v2\/pages\/51","targetHints":{"allow":["GET"]}}],"collection":[{"href":"http:\/\/asso-asd.org\/index.php\/wp-json\/wp\/v2\/pages"}],"about":[{"href":"http:\/\/asso-asd.org\/index.php\/wp-json\/wp\/v2\/types\/page"}],"author":[{"embeddable":true,"href":"http:\/\/asso-asd.org\/index.php\/wp-json\/wp\/v2\/users\/1"}],"replies":[{"embeddable":true,"href":"http:\/\/asso-asd.org\/index.php\/wp-json\/wp\/v2\/comments?post=51"}],"version-history":[{"count":19,"href":"http:\/\/asso-asd.org\/index.php\/wp-json\/wp\/v2\/pages\/51\/revisions"}],"predecessor-version":[{"id":186,"href":"http:\/\/asso-asd.org\/index.php\/wp-json\/wp\/v2\/pages\/51\/revisions\/186"}],"wp:attachment":[{"href":"http:\/\/asso-asd.org\/index.php\/wp-json\/wp\/v2\/media?parent=51"}],"curies":[{"name":"wp","href":"https:\/\/api.w.org\/{rel}","templated":true}]}}