{"id":412,"date":"2017-02-09T17:25:34","date_gmt":"2017-02-09T16:25:34","guid":{"rendered":"http:\/\/asso-asd.org\/?page_id=412"},"modified":"2017-12-02T23:30:05","modified_gmt":"2017-12-02T22:30:05","slug":"mentions-legales","status":"publish","type":"page","link":"http:\/\/asso-asd.org\/index.php\/mentions-legales\/","title":{"rendered":"Mentions l\u00e9gales"},"content":{"rendered":"<p>Directeur de la publication\u00a0: \u00a0Vuch ky TAING<br \/>\nResponsable de la r\u00e9daction\u00a0: Vuch ky TAING<br \/>\nWebmaster : R\u00e9gine NYAM\u00c9<\/p>\n<p>Adresse<br \/>\nASD Agir pour Soulager la Douleur<br \/>\n8 Rue Charles MOUREU 75013 PARIS France Tel\u00a0: 06 24 45 85 58 E-mail\u00a0: contact@asso-asd.org Internet\u00a0: www\u00a0.asso-sd.org<\/p>\n<p>H\u00e9bergement<br \/>\nSAS OVH &#8211; http:\/\/www.ovh.com 2 rue Kellermann BP 80157 59100 Roubaix Tel : 1007 (Num\u00e9ro unique gratuit depuis un poste fixe, hors surco\u00fbt \u00e9ventuel selon op\u00e9rateur depuis une ligne mobile).<\/p>\n<p>Dons en ligne<br \/>\nhttps:\/\/www.helloasso.com\/associations\/asd-agir-pour-soulager-la-douleur<\/p>\n<p class=\"p1\"><span class=\"s1\"><b>Protection des informations<\/b><\/span><\/p>\n<p class=\"p2\"><span class=\"s1\">Vous \u00eates amen\u00e9s \u00e0 nous communiquer des informations personnelles en remplissant des demandes de documentation, en devenant donateur. Ces informations nous sont indispensables notamment pour \u00e9laborer votre re\u00e7u fiscal et le traitement de votre don. Les informations que vous nous transmettez sont destin\u00e9es \u00e0 l&rsquo;usage de notre organisation et<span class=\"Apple-converted-space\">\u00a0 <\/span>ne seront pas transmises \u00e0 des tiers.<\/span><\/p>\n<p class=\"p2\"><span class=\"s1\">Conform\u00e9ment \u00e0 la loi Informatique et Libert\u00e9s N\u00b078-17 du 6 janvier 1978, En vous adressant au si\u00e8ge d\u2019ASD, vous pouvez demander leur modification, leur rectification. Pour l&rsquo;exercer, vous pouvez adresser votre demande \u00e0: ASD-Agir pour Soulager la Douleur 8, Rue Charles Moureu 75013 Paris<\/span><\/p>\n<p class=\"p4\"><span class=\"s1\"><b>Cr\u00e9dits photographiques<\/b><\/span><\/p>\n<p class=\"p2\"><span class=\"s1\">Toutes les photographies pr\u00e9sent\u00e9es sur ce site peuvent \u00eatre reproduites \u00e0 condition d&rsquo;avoir obtenu l&rsquo;autorisation \u00e9crite d\u2019 l\u2019association ASD et d&rsquo;en indiquer l&rsquo;auteur et la source. <\/span><\/p>\n<p class=\"p4\"><span class=\"s1\"><b>Absence de garantie<\/b><\/span><\/p>\n<p class=\"p2\"><span class=\"s1\">Nous ne garantissons pas que ce site soit exempt de d\u00e9faut, d&rsquo;erreur ou d&rsquo;omission et qu&rsquo;il corresponde exactement \u00e0 l&rsquo;usage auquel l&rsquo;utilisateur le destine. Nous ne pouvons en aucun cas \u00eatre tenus responsables des \u00e9ventuels d\u00e9fauts, erreurs ou omissions. L&rsquo;\u00e9quipe du<span class=\"Apple-converted-space\">\u00a0 <\/span><a href=\"http:\/\/www.ass-asd.org\"><span class=\"s2\">www.ass-asd.org<\/span><\/a> reste n\u00e9anmoins ouverte \u00e0 toute suggestion, r\u00e9action ou correction concernant le contenu de ce site. <\/span><\/p>\n<p class=\"p4\"><span class=\"s1\"><b>Liens hypertextes<\/b><\/span><\/p>\n<p class=\"p2\"><span class=\"s1\"><b>&#8211; Liens \u00e0 partir du www.asso-asd.org :<\/b><\/span><\/p>\n<p class=\"p2\"><span class=\"s1\">L&rsquo;\u00e9quipe du www.asso-asdorg n\u2019est pas responsable des contenus des sites tiers vers lesquels sont \u00e9tablis des liens depuis son site. Ces site peuvent nous demander de supprimer des liens que nous avons cr\u00e9\u00e9s vers lui.\u00a0 <\/span><\/p>\n<p class=\"p2\"><span class=\"s1\"><b>&#8211; Liens vers le www.asso-asd.org : <\/b><\/span><\/p>\n<p class=\"p2\"><span class=\"s1\">L&rsquo;\u00e9quipe du www.asso-asd.org autorise tout site Internet \u00e0 mettre en place un lien hypertexte pointant vers son contenu, sous r\u00e9serve que l\u2019acc\u00e8s aux pages contenant ces liens soit gratuit. Cette autorisation ne s\u2019applique pas aux sites diffusant des informations \u00e0 caract\u00e8re pornographique, x\u00e9nophobe, pol\u00e9mique, ou pouvant port\u00e9 atteinte \u00e0 la sensibilit\u00e9 du plus grand nombre. <\/span><\/p>\n","protected":false},"excerpt":{"rendered":"<p>Directeur de la publication\u00a0: \u00a0Vuch ky TAING Responsable de la r\u00e9daction\u00a0: Vuch ky TAING Webmaster : R\u00e9gine NYAM\u00c9 Adresse ASD Agir pour Soulager la Douleur 8 Rue Charles MOUREU 75013 PARIS France Tel\u00a0: 06 24 45 85 58 E-mail\u00a0: contact@asso-asd.org Internet\u00a0: www\u00a0.asso-sd.org H\u00e9bergement SAS OVH &#8211; http:\/\/www.ovh.com 2 rue Kellermann BP 80157 59100 Roubaix Tel <a class=\"read-more\" href=\"http:\/\/asso-asd.org\/index.php\/mentions-legales\/\">Read More<\/a><\/p>\n","protected":false},"author":1,"featured_media":0,"parent":0,"menu_order":0,"comment_status":"closed","ping_status":"closed","template":"","meta":{"footnotes":""},"class_list":["post-412","page","type-page","status-publish","hentry"],"yoast_head":"<!-- This site is optimized with the Yoast SEO plugin v24.1 - https:\/\/yoast.com\/wordpress\/plugins\/seo\/ -->\n<title>Mentions l\u00e9gales | Agir pour Soulager la Douleur | Association ASD<\/title>\n<meta name=\"description\" content=\"ASD, les informations, les cr\u00e9dits, les liens, les garanties et les mentions l\u00e9gales de l&#039;association.\" \/>\n<meta name=\"robots\" content=\"index, follow, max-snippet:-1, max-image-preview:large, max-video-preview:-1\" \/>\n<link rel=\"canonical\" href=\"http:\/\/asso-asd.org\/index.php\/mentions-legales\/\" \/>\n<meta property=\"og:locale\" content=\"fr_FR\" \/>\n<meta property=\"og:type\" content=\"article\" \/>\n<meta property=\"og:title\" content=\"Mentions l\u00e9gales | Agir pour Soulager la Douleur | Association ASD\" \/>\n<meta property=\"og:description\" content=\"ASD, les informations, les cr\u00e9dits, les liens, les garanties et les mentions l\u00e9gales de l&#039;association.\" \/>\n<meta property=\"og:url\" content=\"http:\/\/asso-asd.org\/index.php\/mentions-legales\/\" \/>\n<meta property=\"og:site_name\" content=\"Agir pour Soulager la Douleur\" \/>\n<meta property=\"article:publisher\" content=\"https:\/\/www.facebook.com\/ASD-Agir-pour-Soulager-la-Douleur-244278649360772\/\" \/>\n<meta property=\"article:modified_time\" content=\"2017-12-02T22:30:05+00:00\" \/>\n<meta name=\"twitter:card\" content=\"summary_large_image\" \/>\n<meta name=\"twitter:label1\" content=\"Dur\u00e9e de lecture estim\u00e9e\" \/>\n\t<meta name=\"twitter:data1\" content=\"2 minutes\" \/>\n<script type=\"application\/ld+json\" class=\"yoast-schema-graph\">{\"@context\":\"https:\/\/schema.org\",\"@graph\":[{\"@type\":\"WebPage\",\"@id\":\"http:\/\/asso-asd.org\/index.php\/mentions-legales\/\",\"url\":\"http:\/\/asso-asd.org\/index.php\/mentions-legales\/\",\"name\":\"Mentions l\u00e9gales | Agir pour Soulager la Douleur | Association ASD\",\"isPartOf\":{\"@id\":\"http:\/\/asso-asd.org\/#website\"},\"datePublished\":\"2017-02-09T16:25:34+00:00\",\"dateModified\":\"2017-12-02T22:30:05+00:00\",\"description\":\"ASD, les informations, les cr\u00e9dits, les liens, les garanties et les mentions l\u00e9gales de l'association.\",\"breadcrumb\":{\"@id\":\"http:\/\/asso-asd.org\/index.php\/mentions-legales\/#breadcrumb\"},\"inLanguage\":\"fr-FR\",\"potentialAction\":[{\"@type\":\"ReadAction\",\"target\":[\"http:\/\/asso-asd.org\/index.php\/mentions-legales\/\"]}]},{\"@type\":\"BreadcrumbList\",\"@id\":\"http:\/\/asso-asd.org\/index.php\/mentions-legales\/#breadcrumb\",\"itemListElement\":[{\"@type\":\"ListItem\",\"position\":1,\"name\":\"Accueil\",\"item\":\"http:\/\/asso-asd.org\/\"},{\"@type\":\"ListItem\",\"position\":2,\"name\":\"Mentions l\u00e9gales\"}]},{\"@type\":\"WebSite\",\"@id\":\"http:\/\/asso-asd.org\/#website\",\"url\":\"http:\/\/asso-asd.org\/\",\"name\":\"Agir pour Soulager la Douleur\",\"description\":\"\",\"potentialAction\":[{\"@type\":\"SearchAction\",\"target\":{\"@type\":\"EntryPoint\",\"urlTemplate\":\"http:\/\/asso-asd.org\/?s={search_term_string}\"},\"query-input\":{\"@type\":\"PropertyValueSpecification\",\"valueRequired\":true,\"valueName\":\"search_term_string\"}}],\"inLanguage\":\"fr-FR\"}]}<\/script>\n<!-- \/ Yoast SEO plugin. -->","yoast_head_json":{"title":"Mentions l\u00e9gales | Agir pour Soulager la Douleur | Association ASD","description":"ASD, les informations, les cr\u00e9dits, les liens, les garanties et les mentions l\u00e9gales de l'association.","robots":{"index":"index","follow":"follow","max-snippet":"max-snippet:-1","max-image-preview":"max-image-preview:large","max-video-preview":"max-video-preview:-1"},"canonical":"http:\/\/asso-asd.org\/index.php\/mentions-legales\/","og_locale":"fr_FR","og_type":"article","og_title":"Mentions l\u00e9gales | Agir pour Soulager la Douleur | Association ASD","og_description":"ASD, les informations, les cr\u00e9dits, les liens, les garanties et les mentions l\u00e9gales de l'association.","og_url":"http:\/\/asso-asd.org\/index.php\/mentions-legales\/","og_site_name":"Agir pour Soulager la Douleur","article_publisher":"https:\/\/www.facebook.com\/ASD-Agir-pour-Soulager-la-Douleur-244278649360772\/","article_modified_time":"2017-12-02T22:30:05+00:00","twitter_card":"summary_large_image","twitter_misc":{"Dur\u00e9e de lecture estim\u00e9e":"2 minutes"},"schema":{"@context":"https:\/\/schema.org","@graph":[{"@type":"WebPage","@id":"http:\/\/asso-asd.org\/index.php\/mentions-legales\/","url":"http:\/\/asso-asd.org\/index.php\/mentions-legales\/","name":"Mentions l\u00e9gales | Agir pour Soulager la Douleur | Association ASD","isPartOf":{"@id":"http:\/\/asso-asd.org\/#website"},"datePublished":"2017-02-09T16:25:34+00:00","dateModified":"2017-12-02T22:30:05+00:00","description":"ASD, les informations, les cr\u00e9dits, les liens, les garanties et les mentions l\u00e9gales de l'association.","breadcrumb":{"@id":"http:\/\/asso-asd.org\/index.php\/mentions-legales\/#breadcrumb"},"inLanguage":"fr-FR","potentialAction":[{"@type":"ReadAction","target":["http:\/\/asso-asd.org\/index.php\/mentions-legales\/"]}]},{"@type":"BreadcrumbList","@id":"http:\/\/asso-asd.org\/index.php\/mentions-legales\/#breadcrumb","itemListElement":[{"@type":"ListItem","position":1,"name":"Accueil","item":"http:\/\/asso-asd.org\/"},{"@type":"ListItem","position":2,"name":"Mentions l\u00e9gales"}]},{"@type":"WebSite","@id":"http:\/\/asso-asd.org\/#website","url":"http:\/\/asso-asd.org\/","name":"Agir pour Soulager la Douleur","description":"","potentialAction":[{"@type":"SearchAction","target":{"@type":"EntryPoint","urlTemplate":"http:\/\/asso-asd.org\/?s={search_term_string}"},"query-input":{"@type":"PropertyValueSpecification","valueRequired":true,"valueName":"search_term_string"}}],"inLanguage":"fr-FR"}]}},"_links":{"self":[{"href":"http:\/\/asso-asd.org\/index.php\/wp-json\/wp\/v2\/pages\/412","targetHints":{"allow":["GET"]}}],"collection":[{"href":"http:\/\/asso-asd.org\/index.php\/wp-json\/wp\/v2\/pages"}],"about":[{"href":"http:\/\/asso-asd.org\/index.php\/wp-json\/wp\/v2\/types\/page"}],"author":[{"embeddable":true,"href":"http:\/\/asso-asd.org\/index.php\/wp-json\/wp\/v2\/users\/1"}],"replies":[{"embeddable":true,"href":"http:\/\/asso-asd.org\/index.php\/wp-json\/wp\/v2\/comments?post=412"}],"version-history":[{"count":3,"href":"http:\/\/asso-asd.org\/index.php\/wp-json\/wp\/v2\/pages\/412\/revisions"}],"predecessor-version":[{"id":424,"href":"http:\/\/asso-asd.org\/index.php\/wp-json\/wp\/v2\/pages\/412\/revisions\/424"}],"wp:attachment":[{"href":"http:\/\/asso-asd.org\/index.php\/wp-json\/wp\/v2\/media?parent=412"}],"curies":[{"name":"wp","href":"https:\/\/api.w.org\/{rel}","templated":true}]}}